w - u = 58, -w + 48 = 2*w - 3*u. Let a = w + -15. Let k(n) = 3*n + 4 - 5*n**3 - 5*n**2 + 2 + a*n**3 - 4. Determine k(3).
-7
Let r(k) be the second derivative of -k**4/6 + k**3/3 - k. Let i = -1 - -10. Suppose -2*l = -i + 5. Determine r(l).
-4
Let n(o) = o**3 - 2*o**2 - 2*o - 3. Let q be n(3). Suppose k - 4 - 2 = q. Let x(w) be the first derivative of -w**4/4 + 2*w**3 + w**2 - 9*w - 1. Give x(k).
3
Let c be (-321)/(-9) - (-4)/(-6). Let v = c + -37. Let n(a) = a**3 - a**2 - 3*a - 3. Give n(v).
-9
Let u(w) = 2*w. Let d(k) = -38*k**2 - 2*k + 1. Let n be d(1). Let r = -38 - n. Calculate u(r).
2
Suppose 34 + 80 = -57*t. Let w(r) = -2*r**3 + r**2 + r - 2. Determine w(t).
16
Let m(p) = -p**3 + 7*p**2 + p - 7. Let c(t) = 5*t**3 - 35*t**2 - 5*t + 35. Let b(n) = -2*c(n) - 11*m(n). Determine b(7).
0
Let h(n) = 28*n + 159. Let z be h(-6). Let x(p) = -p + 3. Calculate x(z).
12
Let x(r) = -1 - 23907*r + 11954*r + 11952*r. Determine x(-3).
2
Let x(q) = -q**3 - 3*q**2 + 1. Let n = 15 + -9. Let r be (6/(-4))/(n/(-12)). Let y(p) = p**2 - 5*p + 4. Let o be y(r). Give x(o).
-3
Suppose -57*u - 140 = -77*u. Let m(o) = o**2 - 4*o - 3. Give m(u).
18
Let h(p) be the first derivative of p**4/4 - 2*p**3 - 3*p**2 + 6*p + 151. Give h(7).
13
Let n(z) = z**3 + 5*z**2 - 7*z - 5. Let d = -30 - -21. Let j be 265/(-45) - (-1)/d. What is n(j)?
1
Let r(x) be the third derivative of -x**6/30 - x**5/60 + x**4/24 - 209*x**2 + 2. Let p(c) = -c**2 + 5*c + 7. Let y be p(6). Give r(y).
-4
Let r be 90/(-16) + ((-649)/88 - -7). Let m(h) = 6*h + 8. Determine m(r).
-28
Let i(k) be the second derivative of k**4/12 + 13*k**3/6 + 8*k**2 + 50*k. Give i(-11).
-6
Suppose -2*k - 2 = -56. Suppose -22*l - 25 = -k*l. Let o(t) = -t**3 - 5*t - 6. Let g(v) = v**3 - v**2 + 4*v + 6. Let x(y) = 5*g(y) + 4*o(y). Calculate x(l).
6
Let b(r) = -r**3 - r**2 + r + 2. Let k be ((-3)/(-2))/((-1)/(-2)). Suppose -4*z = 5*c - 16, k*c - 3*z + 12 = -2*c. What is b(c)?
2
Let r be ((-6)/4)/(3/36). Let l be 87/27 + 4/r. Let p(m) = 6*m - 12*m - l + 4*m. Calculate p(-3).
3
Let c(k) = 7*k + 5. Let m(i) = i**2 - 6*i - 218. Let p be m(-12). What is c(p)?
-9
Let c be -10*(6/(-4) - -2). Let y(i) = -4*i - 3. Let n(o) = 5*o + 2. Let j(p) = c*n(p) - 6*y(p). Calculate j(9).
-1
Suppose -2*i + 0*i + g = -188, 0 = 5*i - 3*g - 468. Suppose -4*p + 408 = 4*x, -5*x - 4*p = 127 - 638. Let w(t) = -3*t + 2*t + x - i. What is w(6)?
1
Suppose -f = f + 4*v - 16, -4*v + 16 = 5*f. Suppose p + 5*j - 16 = f, 2*p + 2*j - 8 = -2*j. Let x be (-2)/p + 33/(-22). Let r(q) = -4*q**3 - q. What is r(x)?
5
Suppose -u = u + 14. Let a(i) be the second derivative of -i**4/12 - 7*i**3/6 - 7*i**2/2 - 155*i + 4. What is a(u)?
-7
Suppose -o - 2 = 0, 0 = -0*g + g + 5*o. Let n(z) = -g*z + 3*z + 6*z - 1. Determine n(-3).
2
Let r = 1330 + -1327. Let s(j) = -12*j + 1. What is s(r)?
-35
Let q(o) = -4*o - 18. Suppose -d = 19*d + 140. Give q(d).
10
Let n(z) be the third derivative of -z**7/5040 + 13*z**6/720 + 11*z**5/60 - 4*z**2. Let d(c) be the third derivative of n(c). What is d(6)?
7
Let l(b) = -8*b**3 + 2*b**2 + 2*b - 3. Suppose -2*v = -39 + 35. What is l(v)?
-55
Let p(b) = 8*b - 154. Let j be p(21). Let a(n) = -n**3 + 13*n**2 + 13*n - 6. Calculate a(j).
-20
Let j = -61 + 64. Suppose 3*x - 2*x + 5*m + 3 = 0, 2*m = -4*x + 24. Let z(f) = 1 + 12*f - x*f - 7*f - j*f. Calculate z(-1).
6
Let f(j) = 7 - 11*j - 3 - 6. Calculate f(-2).
20
Suppose -h - 11 = -4*r, -5*r = -6*r + 4*h - 1. Let i(y) = -y**2 + 3*y - 3. Give i(r).
-3
Let u(z) = z**3 + 7*z**2 - 7*z + 9. Let j = -77 + 72. Let k be (1 - 2) + -2 + j + 0. Calculate u(k).
1
Suppose 19 = -3*z + 4. Let y(p) = 59*p + 11. Let b(v) = -16*v - 3. Let h(i) = 22*b(i) + 6*y(i). Give h(z).
-10
Let z(q) = -q**2 + 9*q - 5. Suppose -5*h = k + 10 + 6, 0 = 5*k + 3*h - 30. Determine z(k).
-5
Let n(o) = o - 2. Let d(z) = 2*z + 1. Let x(f) = 2*d(f) - 3*n(f). Suppose 18 = -3*r + 6. What is x(r)?
4
Suppose -4*g - 5 = -n + 9, -2*g - 10 = 0. Let x(c) = -3*c + 162 + 3*c - 2*c - 157. What is x(n)?
17
Let o = 59 + -30. Suppose 0 = 6*s - o + 11. Suppose -j + s*j + 10 = 4*r, 0 = -j + 3*r - 7. Let q(f) = 8*f**2 + 2*f + 1. Determine q(j).
7
Suppose -g - 15 = -4*p, -g - 13 = -0*p - 2*p. Let v = g - -7. Let t(q) = -q - 6. Give t(v).
-2
Let l(j) = j**3 - 8*j**2 - 8*j. Let t be 2/10 + 132/15. Let s be l(t). Suppose -7 = 4*q + s. Let n(c) = -c**2 - 5*c - 1. Calculate n(q).
3
Let o(q) = q**3 + 2*q**2 + q. Let s be (-11)/(693/6) - 19/21. Determine o(s).
0
Let m(x) = 9 + 2*x - 4*x + 4*x. Let k(l) = -l - 8. Let n(d) = -3*k(d) - 2*m(d). Let j(h) = -h**3 + 4*h**2 - h - 1. Let p be j(2). Give n(p).
1
Let w(y) = -y**2 - 14*y + 1. Let g(r) = r**2 + 8*r. Let n(x) = 5*g(x) + 3*w(x). Determine n(3).
15
Suppose -2*v + 0*u + 3*u - 35 = 0, -3*u - 65 = 2*v. Let k = v + 29. Let q(z) = z**2 - 4*z + 5. Give q(k).
5
Suppose -60*p + 122 = p. Let q(y) be the first derivative of 3/2*y**p + 6 + 0*y. Give q(-3).
-9
Let o(y) = 2*y - 28. Let t = 1044 + -1034. Calculate o(t).
-8
Let k(i) = i**3 + 6*i**2 - 2*i - 3. Suppose 2*s + q - 2 = 0, 5*s - 5*q = -q - 8. Suppose -16*n + 10*n - 36 = s. Determine k(n).
9
Let i be 5*((-12)/10 - -2). Let d(r) be the first derivative of -r**2/2 + 3*r - 131. What is d(i)?
-1
Let b = 4 - 1. Let u(q) = -4 + 3 - b + 0 + 2*q. Let s be -5*6/5 - -1. What is u(s)?
-14
Let x(y) = -7*y - 1. Let c(h) = h**2 + 25*h - 23. Let l be c(-26). What is x(l)?
-22
Let g(h) = -5*h**2 - 2*h - 1. Let i(f) = -13*f**2 - 3*f - 3. Let j(r) = -5*g(r) + 2*i(r). Suppose -5*p - 2*d + 10 = -d, -5*d = -4*p + 8. What is j(p)?
3
Let f(m) = m**3 - 4*m**2 + 3*m + 4. Let a be f(2). Let j(g) = -2*g**2 + 2*g + 2. Calculate j(a).
-2
Let r(d) = d**2 - 3*d + 3. Let k be r(4). Suppose -k = -2*x - 1. Let w(j) = j**3 - 2*j**3 - 4*j + 706*j**2 - 701*j**2 + 3. Determine w(x).
9
Let k(i) = i**3 + 5*i**2 + 2*i - 4. Let q be -1*33 + (-3)/(-6)*-8. Let t = q - -34. Give k(t).
8
Let s(y) be the first derivative of y**4/4 + 5*y**3/3 + 5*y**2/2 - y - 253. Give s(-4).
-5
Let z(a) = -a**2 - 7*a - 1. Let f be z(-6). Let s(w) = 5*w - 5*w - 2*w - f. What is s(-6)?
7
Let v(x) = 2*x**2 - 3*x. Let a be (-126)/(-70)*15/9. What is v(a)?
9
Let h(p) be the first derivative of 3*p**2 - 1/4*p**4 + 5/3*p**3 + 2*p + 6. Let z be (-27)/(-3)*(-4)/(-6). Calculate h(z).
2
Let b(n) = -4*n**3 - n**2 + 4*n + 4. Let v be b(-1). Let p(t) = 3*t - 7. Give p(v).
2
Let k = -243 - -230. Let i(v) = -v**2 - 12*v - 2. What is i(k)?
-15
Let t(f) = f**2 - 11*f - 7. Let z be 1/(1 - (-3)/((-144)/44)). Let s be t(z). Let y(m) = -m + 9. Give y(s).
4
Let v(j) be the third derivative of -j**4/24 - j**3 - 117*j**2. What is v(0)?
-6
Let c(i) = 2*i**2 + 12*i + 20. Let a(j) = -j**2 - 6*j - 11. Let y(q) = -11*a(q) - 6*c(q). Give y(-3).
10
Let n(r) = r**2 - 3*r + 18. Let l(m) = m**2 - 3*m + 15. Let o(j) = 7*l(j) - 6*n(j). Give o(4).
1
Let w(c) = -41*c**3 + 2325*c**2 - 2326*c**2 + c + 10*c**3. Calculate w(1).
-31
Let i(r) = 11*r. Let b(n) = 2*n + 1. Let w(m) = -5*b(m) + i(m). Calculate w(7).
2
Let x be (1 + -2)*2*(-15)/(-6). Let t(y) = -y**2 - 7*y - 2. Give t(x).
8
Suppose -t + 386 = 3*t - 3*z, 5*z - 370 = -4*t. Suppose 4*u = -t + 7. Let b = -27 - u. Let y(a) = a. What is y(b)?
-5
Let s = -27 + 19. Let m be -3 + ((-20)/s)/5*0. Let k(x) = -x**2 + 1. Let w(r) = 2*r**2 + 8*r + 2. Let p(l) = k(l) + w(l). Calculate p(m).
-12
Let f(w) = -w**2 - 3*w - 2. Suppose -5*r = 4*x - 7, 0*x = -x + 3. Let v = r - -9. Let z(k) = -k**2 + 9*k - 12. Let q be z(v). What is f(q)?
-6
Let q(w) = 2*w + 3. Let k(h) = 16*h + 26. Let f(l) = -k(l) + 6*q(l). Give f(-2).
0
Let b(i) = -i**3 - 9*i**2 + 11*i + 7. Let m = -112 + 112. Suppose m - 20 = 2*x. What is b(x)?
-3
Suppose 2*n = 5*o - 7, 0 = n + 2*o - 0*o - 10. Let q(g) = 3*g + 1. Give q(n).
13
Let a(z) = -z**2 - 2*z - 2. Let o(m) = -m**2 - 2*m - 2. Let g(k) = 7*a(k) - 6*o(k). Determine g(-2).
-2
Let g(v) = 8*v + 128 + v**2 - 122 + 0. Let p be (-2)/(-2) - 32/4. Give g(p).
-1
Let z(o) = 10*o**2 + 13*o - 12. Let c(p) = -34*p**2 - 41*p + 37. Let j(t) = -2*c(t) - 7*z(t). What is j(-5)?
5
Let i(a) = -3*a + 2*a + 1 - 7*a. Suppose 2*f - 3 = -q, 3*q + 11 + 2 = 5*f. Let u be 3/f*2/(-3). What is i(u)?
9
Let i = 29 - 28. Let a(g) = 3 - 6 - i + 6*g - g**2. Determine a(6).
-4
Let i(j) = 3*j**2 + 2*j - 1. Let h(y) = 4*y**2 + 2*y. Let c(z) = -2*h(